{"id":3048,"date":"2020-12-11T19:46:29","date_gmt":"2020-12-11T19:46:29","guid":{"rendered":"http:\/\/wp.colegiodescubridores.edu.mx\/?page_id=3048"},"modified":"2020-12-11T19:53:10","modified_gmt":"2020-12-11T19:53:10","slug":"aviso-de-privacidad","status":"publish","type":"page","link":"https:\/\/www.colegiodescubridores.edu.mx\/index.php\/aviso-de-privacidad\/","title":{"rendered":"Aviso de Privacidad"},"content":{"rendered":"\t\t<div data-elementor-type=\"wp-page\" data-elementor-id=\"3048\" class=\"elementor elementor-3048\">\n\t\t\t\t\t\t<section class=\"elementor-section elementor-top-section elementor-element elementor-element-11a60fa elementor-section-boxed elementor-section-height-default elementor-section-height-default\" data-id=\"11a60fa\" data-element_type=\"section\">\n\t\t\t\t\t\t<div class=\"elementor-container elementor-column-gap-default\">\n\t\t\t\t\t<div class=\"elementor-column elementor-col-100 elementor-top-column elementor-element elementor-element-8e9bcad\" data-id=\"8e9bcad\" data-element_type=\"column\">\n\t\t\t<div class=\"elementor-widget-wrap\">\n\t\t\t\t\t\t\t<\/div>\n\t\t<\/div>\n\t\t\t\t\t<\/div>\n\t\t<\/section>\n\t\t\t\t<section class=\"elementor-section elementor-top-section elementor-element elementor-element-64d6dff elementor-section-boxed elementor-section-height-default elementor-section-height-default\" data-id=\"64d6dff\" data-element_type=\"section\">\n\t\t\t\t\t\t<div class=\"elementor-container elementor-column-gap-default\">\n\t\t\t\t\t<div class=\"elementor-column elementor-col-100 elementor-top-column elementor-element elementor-element-27254f9\" data-id=\"27254f9\" data-element_type=\"column\">\n\t\t\t<div class=\"elementor-widget-wrap elementor-element-populated\">\n\t\t\t\t\t\t<div class=\"elementor-element elementor-element-88e5c59 elementor-widget elementor-widget-text-editor\" data-id=\"88e5c59\" data-element_type=\"widget\" data-widget_type=\"text-editor.default\">\n\t\t\t\t<div class=\"elementor-widget-container\">\n\t\t\t\t\t\t\t\t\t<p><strong>ACUERDO DE PRIVACIDAD DEL COLEGIO DESCUBRIDORES<\/strong><\/p><p>Con la finalidad de cumplir con la Ley Federal de Protecci\u00f3n de Datos Personales en Posesi\u00f3n de Particulares, Colegio Descubridores,\u00a0 en lo sucesivo el Colegio,\u00a0 informa a la comunidad educativa y al p\u00fablico en general que dispone de una base de datos la cual contiene informaci\u00f3n personal de alumnos y padres de familia, cuya finalidad principal es dar cumplimiento al contrato de prestaci\u00f3n de servicios educativos que tiene suscrito con estos \u00faltimos.<\/p><p>Para cumplir con lo anterior, los padres de familia y alumnos proporcionan sus datos de car\u00e1cter personal al Colegio para que \u00e9ste los contacte y les env\u00ede todo tipo de informaci\u00f3n relativa a los servicios educativos que presta.<\/p><p>Los padres de familia o tutores al suscribir el contrato de prestaci\u00f3n de servicios con el Colegio, aceptan el presente aviso de privacidad y otorgan su consentimiento para que sus datos personales sean registrados en una base de datos y puedan ser utilizados para fines estad\u00edsticos, \u00a0\u00a0tr\u00e1mites oficiales \u00a0y dem\u00e1s relacionados con los fines de la instituci\u00f3n.<\/p><p>El colegio dispondr\u00e1 las medidas de seguridad, administrativas, t\u00e9cnicas y f\u00edsicas para proteger la informaci\u00f3n contenida en la base de datos. \u00a0<\/p><p>Los datos personales proporcionados por los padres de familia o tutores son: nombre, estado civil, domicilio, correo electr\u00f3nico, n\u00famero telef\u00f3nico, nombre de (el o la) c\u00f3nyuge y de sus hijos, fecha de nacimiento, lugar de nacimiento, sexo, domicilio, C.U.R.P., R.F.C., \u00a0\u00a0entre otros.<\/p><p>Igualmente se informa que el Colegio podr\u00e1 permitir el acceso a la base de datos al personal de la instituci\u00f3n as\u00ed como a terceras personas con los que tiene contratados servicios relacionados con su funci\u00f3n, sin embargo, \u00e9stos deber\u00e1n tomar las medidas de seguridad correspondientes a efectos de resguardar dicha informaci\u00f3n.<\/p><p>Los padres de familia o tutores aceptan que al momento de llenar la solicitud de ingreso de sus hijos al Colegio\u00a0 han sido informados de las condiciones referentes a la protecci\u00f3n de datos de car\u00e1cter personal y que aceptan y consienten el tratamiento de sus datos personales, en la forma y t\u00e9rminos descritos en este Aviso. \u00a0<\/p><p>De igual forma manifiestan haber sido informados y estar de acuerdo en permitir al Colegio la captaci\u00f3n, \u00a0archivo y transmisi\u00f3n de audios e im\u00e1genes fotogr\u00e1ficas o videograbadas realizadas\u00a0 como parte de sus tareas educativas y de promoci\u00f3n de la cultura.<\/p><p>Por lo que hace a los padres de familia o tutores que han formado parte de la comunidad educativa del Colegio con antelaci\u00f3n a la expedici\u00f3n de la Ley Federal de Protecci\u00f3n de Datos Personales en Posesi\u00f3n de Particulares, \u00e9stos han sido enterados mediante comunicaci\u00f3n escrita dirigida a sus domicilios, llamadas telef\u00f3nicas,\u00a0 correos electr\u00f3nicos y por el aviso publicado en la p\u00e1gina de Internet, con relaci\u00f3n al \u00a0AVISO DE PRIVACIDAD y a la forma y t\u00e9rminos en que el Colegio trata y protege los datos de car\u00e1cter personal que ha recibido, por lo que de no estar de acuerdo con dicho tratamiento cuentan con un t\u00e9rmino de 30 d\u00edas h\u00e1biles, posteriores al presente aviso, para expresar su rechazo por escrito. Si no se recibe ninguna comunicaci\u00f3n dentro del plazo se\u00f1alado se considerar\u00e1 que acepta y consiente todos y cada uno de los t\u00e9rminos descritos en este aviso.<\/p><p>El Colegio no es responsable de la inexactitud de informaci\u00f3n proporcionada en las solicitudes de ingreso o en la suscripci\u00f3n de sus contratos, por lo que no se considerar\u00e1 responsable por los da\u00f1os y perjuicios que pudieran ocasionarse por el uso de dicha informaci\u00f3n.<\/p><p>El Colegio se obliga a no ceder los datos recabados a ning\u00fan tercero; sin embargo, los padres de familia o tutores autorizan expresamente para que sus datos personales puedan ser compartidos con personas f\u00edsicas o morales, con las cuales el Colegio mantiene alg\u00fan tipo de relaci\u00f3n jur\u00eddica o mercantil, a efecto de proveerle adecuadamente los servicios y productos que ha solicitado y contratado o bien para entablar cualquier tipo de relaci\u00f3n jur\u00eddica o comercial.<\/p><p>Nuevo Laredo Tam., agosto de 2015.<\/p>\t\t\t\t\t\t\t\t<\/div>\n\t\t\t\t<\/div>\n\t\t\t\t\t<\/div>\n\t\t<\/div>\n\t\t\t\t\t<\/div>\n\t\t<\/section>\n\t\t\t\t<\/div>\n\t\t","protected":false},"excerpt":{"rendered":"<p>ACUERDO DE PRIVACIDAD DEL COLEGIO DESCUBRIDORES Con la finalidad de cumplir con la Ley Federal de Protecci\u00f3n de Datos Personales en Posesi\u00f3n de Particulares, Colegio Descubridores,\u00a0 en lo sucesivo el Colegio,\u00a0 informa a la comunidad educativa y al p\u00fablico en general que dispone de una base de datos la cual contiene informaci\u00f3n personal de alumnos<br \/><a class=\"moretag\" href=\"https:\/\/www.colegiodescubridores.edu.mx\/index.php\/aviso-de-privacidad\/\">+ Read More<\/a><\/p>\n","protected":false},"author":1,"featured_media":0,"parent":0,"menu_order":0,"comment_status":"closed","ping_status":"closed","template":"templates\/page-builder.php","meta":{"_themeisle_gutenberg_block_has_review":false,"footnotes":""},"class_list":["post-3048","page","type-page","status-publish","hentry"],"_links":{"self":[{"href":"https:\/\/www.colegiodescubridores.edu.mx\/index.php\/wp-json\/wp\/v2\/pages\/3048"}],"collection":[{"href":"https:\/\/www.colegiodescubridores.edu.mx\/index.php\/wp-json\/wp\/v2\/pages"}],"about":[{"href":"https:\/\/www.colegiodescubridores.edu.mx\/index.php\/wp-json\/wp\/v2\/types\/page"}],"author":[{"embeddable":true,"href":"https:\/\/www.colegiodescubridores.edu.mx\/index.php\/wp-json\/wp\/v2\/users\/1"}],"replies":[{"embeddable":true,"href":"https:\/\/www.colegiodescubridores.edu.mx\/index.php\/wp-json\/wp\/v2\/comments?post=3048"}],"version-history":[{"count":19,"href":"https:\/\/www.colegiodescubridores.edu.mx\/index.php\/wp-json\/wp\/v2\/pages\/3048\/revisions"}],"predecessor-version":[{"id":3069,"href":"https:\/\/www.colegiodescubridores.edu.mx\/index.php\/wp-json\/wp\/v2\/pages\/3048\/revisions\/3069"}],"wp:attachment":[{"href":"https:\/\/www.colegiodescubridores.edu.mx\/index.php\/wp-json\/wp\/v2\/media?parent=3048"}],"curies":[{"name":"wp","href":"https:\/\/api.w.org\/{rel}","templated":true}]}}