{"id":2362,"date":"2020-12-10T01:30:22","date_gmt":"2020-12-10T01:30:22","guid":{"rendered":"http:\/\/wp.colegiodescubridores.edu.mx\/?page_id=2362"},"modified":"2021-01-15T18:54:49","modified_gmt":"2021-01-15T18:54:49","slug":"curriculum-paralelo","status":"publish","type":"page","link":"https:\/\/www.colegiodescubridores.edu.mx\/index.php\/curriculum-paralelo\/","title":{"rendered":"Curriculum Paralelo"},"content":{"rendered":"\t\t<div data-elementor-type=\"wp-page\" data-elementor-id=\"2362\" class=\"elementor elementor-2362\">\n\t\t\t\t\t\t<section class=\"elementor-section elementor-top-section elementor-element elementor-element-e307ea2 elementor-section-boxed elementor-section-height-default elementor-section-height-default\" data-id=\"e307ea2\" data-element_type=\"section\">\n\t\t\t\t\t\t<div class=\"elementor-container elementor-column-gap-default\">\n\t\t\t\t\t<div class=\"elementor-column elementor-col-100 elementor-top-column elementor-element elementor-element-0d69045\" data-id=\"0d69045\" data-element_type=\"column\">\n\t\t\t<div class=\"elementor-widget-wrap elementor-element-populated\">\n\t\t\t\t\t\t<div class=\"elementor-element elementor-element-1350834 elementor-invisible elementor-widget elementor-widget-heading\" data-id=\"1350834\" data-element_type=\"widget\" data-settings=\"{&quot;_animation&quot;:&quot;fadeIn&quot;}\" data-widget_type=\"heading.default\">\n\t\t\t\t<div class=\"elementor-widget-container\">\n\t\t\t\t\t<h2 class=\"elementor-heading-title elementor-size-default\">Curr\u00edculum Paralelo<\/h2>\t\t\t\t<\/div>\n\t\t\t\t<\/div>\n\t\t\t\t<div class=\"elementor-element elementor-element-3f06a51 elementor-widget-divider--view-line elementor-widget elementor-widget-divider\" data-id=\"3f06a51\" data-element_type=\"widget\" data-widget_type=\"divider.default\">\n\t\t\t\t<div class=\"elementor-widget-container\">\n\t\t\t\t\t\t\t<div class=\"elementor-divider\">\n\t\t\t<span class=\"elementor-divider-separator\">\n\t\t\t\t\t\t<\/span>\n\t\t<\/div>\n\t\t\t\t\t\t<\/div>\n\t\t\t\t<\/div>\n\t\t\t\t<div class=\"elementor-element elementor-element-482ee88 elementor-widget elementor-widget-text-editor\" data-id=\"482ee88\" data-element_type=\"widget\" data-widget_type=\"text-editor.default\">\n\t\t\t\t<div class=\"elementor-widget-container\">\n\t\t\t\t\t\t\t\t\t<p><a href=\"https:\/\/www.colegiodescubridores.edu.mx\/index.php\/modelo-educativo\/preescolar\/\">Preescolar<\/a>\u00a0 \u00a0<span style=\"background-color: #ffffff; color: #242729; font-family: Arial, 'Helvetica Neue', Helvetica, sans-serif; font-weight: var( --e-global-typography-text-font-weight );\">\u2022<\/span><span style=\"color: var( --e-global-color-text ); font-family: var( --e-global-typography-text-font-family ), Sans-serif; font-weight: var( --e-global-typography-text-font-weight );\">\u00a0\u00a0\u00a0<\/span><a style=\"font-family: var( --e-global-typography-text-font-family ), Sans-serif; font-weight: var( --e-global-typography-text-font-weight );\" href=\"https:\/\/www.colegiodescubridores.edu.mx\/index.php\/modelo-educativo\/primaria\/\">Primaria<\/a>\u00a0 \u00a0<span style=\"font-weight: var( --e-global-typography-text-font-weight ); background-color: #ffffff; color: #242729; font-family: Arial, 'Helvetica Neue', Helvetica, sans-serif;\">\u2022<\/span><span style=\"color: var( --e-global-color-text ); font-family: var( --e-global-typography-text-font-family ), Sans-serif; font-weight: var( --e-global-typography-text-font-weight );\">\u00a0 \u00a0<\/span><a style=\"font-family: var( --e-global-typography-text-font-family ), Sans-serif; font-weight: var( --e-global-typography-text-font-weight );\" href=\"https:\/\/www.colegiodescubridores.edu.mx\/index.php\/modelo-educativo\/secundaria\/\">Secundaria<\/a>\u00a0 \u00a0<span style=\"font-weight: var( --e-global-typography-text-font-weight ); background-color: #ffffff; color: #242729; font-family: Arial, 'Helvetica Neue', Helvetica, sans-serif;\">\u2022<\/span><span style=\"color: var( --e-global-color-text ); font-family: var( --e-global-typography-text-font-family ), Sans-serif; font-weight: var( --e-global-typography-text-font-weight );\">\u00a0 \u00a0<\/span><span style=\"color: #000080;\"><strong><span style=\"font-family: var( --e-global-typography-text-font-family ), Sans-serif;\">Curriculum Paralelo<\/span><\/strong><\/span><\/p>\t\t\t\t\t\t\t\t<\/div>\n\t\t\t\t<\/div>\n\t\t\t\t<div class=\"elementor-element elementor-element-9120dae elementor-widget elementor-widget-text-editor\" data-id=\"9120dae\" data-element_type=\"widget\" data-widget_type=\"text-editor.default\">\n\t\t\t\t<div class=\"elementor-widget-container\">\n\t\t\t\t\t\t\t\t\t<p style=\"padding-left: 40px; color: #192857; font-size: 16px;\"\">En forma paralela a su formaci\u00f3n acad\u00e9mica el alumno tomar\u00e1 parte en talleres y seminarios orientados a ampliar su comprensi\u00f3n personal y social.<\/p>\t\t\t\t\t\t\t\t<\/div>\n\t\t\t\t<\/div>\n\t\t\t\t\t<\/div>\n\t\t<\/div>\n\t\t\t\t\t<\/div>\n\t\t<\/section>\n\t\t\t\t<section class=\"elementor-section elementor-top-section elementor-element elementor-element-cc436e7 elementor-section-boxed elementor-section-height-default elementor-section-height-default\" data-id=\"cc436e7\" data-element_type=\"section\">\n\t\t\t\t\t\t<div class=\"elementor-container elementor-column-gap-default\">\n\t\t\t\t\t<div class=\"elementor-column elementor-col-50 elementor-top-column elementor-element elementor-element-4ecb677\" data-id=\"4ecb677\" data-element_type=\"column\" data-settings=\"{&quot;background_background&quot;:&quot;gradient&quot;}\">\n\t\t\t<div class=\"elementor-widget-wrap elementor-element-populated\">\n\t\t\t\t\t\t<div class=\"elementor-element elementor-element-4f10da9 elementor-widget elementor-widget-heading\" data-id=\"4f10da9\" data-element_type=\"widget\" data-widget_type=\"heading.default\">\n\t\t\t\t<div class=\"elementor-widget-container\">\n\t\t\t\t\t<h3 class=\"elementor-heading-title elementor-size-default\">Juegos colaborativos<\/h3>\t\t\t\t<\/div>\n\t\t\t\t<\/div>\n\t\t\t\t<div class=\"elementor-element elementor-element-2770317 elementor-widget elementor-widget-text-editor\" data-id=\"2770317\" data-element_type=\"widget\" data-widget_type=\"text-editor.default\">\n\t\t\t\t<div class=\"elementor-widget-container\">\n\t\t\t\t\t\t\t\t\t<p><span style=\"color: var( --e-global-color-text ); font-family: var( --e-global-typography-text-font-family ), Sans-serif; font-weight: var( --e-global-typography-text-font-weight );\">A trav\u00e9s de experiencias l\u00fadicas el alumno aprende a socializar, a cooperar, a resolver conflictos de forma positiva y a poner en pr\u00e1ctica el respeto, la empat\u00eda, la tolerancia y la inclusi\u00f3n.<br><br><\/span><\/p>\n<p><\/p>\t\t\t\t\t\t\t\t<\/div>\n\t\t\t\t<\/div>\n\t\t\t\t<div class=\"elementor-element elementor-element-dde070c elementor-arrows-position-outside elementor-pagination-position-outside elementor-widget elementor-widget-image-carousel\" data-id=\"dde070c\" data-element_type=\"widget\" data-settings=\"{&quot;slides_to_show&quot;:&quot;1&quot;,&quot;autoplay&quot;:&quot;no&quot;,&quot;navigation&quot;:&quot;both&quot;,&quot;infinite&quot;:&quot;yes&quot;,&quot;effect&quot;:&quot;slide&quot;,&quot;speed&quot;:500}\" data-widget_type=\"image-carousel.default\">\n\t\t\t\t<div class=\"elementor-widget-container\">\n\t\t\t\t\t\t\t<div class=\"elementor-image-carousel-wrapper swiper\" role=\"region\" aria-roledescription=\"carousel\" aria-label=\"Carrusel de Im\u00e1genes\" dir=\"ltr\">\n\t\t\t<div class=\"elementor-image-carousel swiper-wrapper\" aria-live=\"polite\">\n\t\t\t\t\t\t\t\t<div class=\"swiper-slide\" role=\"group\" aria-roledescription=\"slide\" aria-label=\"1 de 5\"><a data-elementor-open-lightbox=\"yes\" data-elementor-lightbox-slideshow=\"dde070c\" data-elementor-lightbox-title=\"JC 2\" data-e-action-hash=\"#elementor-action%3Aaction%3Dlightbox%26settings%3DeyJpZCI6MzMyNiwidXJsIjoiaHR0cHM6XC9cL3d3dy5jb2xlZ2lvZGVzY3Vicmlkb3Jlcy5lZHUubXhcL3dwLWNvbnRlbnRcL3VwbG9hZHNcLzIwMjFcLzAxXC9KQy0yLTEtc2NhbGVkLmpwZyIsInNsaWRlc2hvdyI6ImRkZTA3MGMifQ%3D%3D\" href=\"https:\/\/www.colegiodescubridores.edu.mx\/wp-content\/uploads\/2021\/01\/JC-2-1-scaled.jpg\"><figure class=\"swiper-slide-inner\"><img decoding=\"async\" class=\"swiper-slide-image\" src=\"https:\/\/www.colegiodescubridores.edu.mx\/wp-content\/uploads\/2021\/01\/JC-2-1-400x270.jpg\" alt=\"JC 2\" \/><\/figure><\/a><\/div><div class=\"swiper-slide\" role=\"group\" aria-roledescription=\"slide\" aria-label=\"2 de 5\"><a data-elementor-open-lightbox=\"yes\" data-elementor-lightbox-slideshow=\"dde070c\" data-elementor-lightbox-title=\"JC 1\" data-e-action-hash=\"#elementor-action%3Aaction%3Dlightbox%26settings%3DeyJpZCI6MzMyNSwidXJsIjoiaHR0cHM6XC9cL3d3dy5jb2xlZ2lvZGVzY3Vicmlkb3Jlcy5lZHUubXhcL3dwLWNvbnRlbnRcL3VwbG9hZHNcLzIwMjFcLzAxXC9KQy0xLTEtc2NhbGVkLmpwZyIsInNsaWRlc2hvdyI6ImRkZTA3MGMifQ%3D%3D\" href=\"https:\/\/www.colegiodescubridores.edu.mx\/wp-content\/uploads\/2021\/01\/JC-1-1-scaled.jpg\"><figure class=\"swiper-slide-inner\"><img decoding=\"async\" class=\"swiper-slide-image\" src=\"https:\/\/www.colegiodescubridores.edu.mx\/wp-content\/uploads\/2021\/01\/JC-1-1-400x270.jpg\" alt=\"JC 1\" \/><\/figure><\/a><\/div><div class=\"swiper-slide\" role=\"group\" aria-roledescription=\"slide\" aria-label=\"3 de 5\"><a data-elementor-open-lightbox=\"yes\" data-elementor-lightbox-slideshow=\"dde070c\" data-elementor-lightbox-title=\"JC 3\" data-e-action-hash=\"#elementor-action%3Aaction%3Dlightbox%26settings%3DeyJpZCI6MzMyNywidXJsIjoiaHR0cHM6XC9cL3d3dy5jb2xlZ2lvZGVzY3Vicmlkb3Jlcy5lZHUubXhcL3dwLWNvbnRlbnRcL3VwbG9hZHNcLzIwMjFcLzAxXC9KQy0zLTEtc2NhbGVkLmpwZyIsInNsaWRlc2hvdyI6ImRkZTA3MGMifQ%3D%3D\" href=\"https:\/\/www.colegiodescubridores.edu.mx\/wp-content\/uploads\/2021\/01\/JC-3-1-scaled.jpg\"><figure class=\"swiper-slide-inner\"><img decoding=\"async\" class=\"swiper-slide-image\" src=\"https:\/\/www.colegiodescubridores.edu.mx\/wp-content\/uploads\/2021\/01\/JC-3-1-400x270.jpg\" alt=\"JC 3\" \/><\/figure><\/a><\/div><div class=\"swiper-slide\" role=\"group\" aria-roledescription=\"slide\" aria-label=\"4 de 5\"><a data-elementor-open-lightbox=\"yes\" data-elementor-lightbox-slideshow=\"dde070c\" data-elementor-lightbox-title=\"JC 4\" data-e-action-hash=\"#elementor-action%3Aaction%3Dlightbox%26settings%3DeyJpZCI6MzMyOCwidXJsIjoiaHR0cHM6XC9cL3d3dy5jb2xlZ2lvZGVzY3Vicmlkb3Jlcy5lZHUubXhcL3dwLWNvbnRlbnRcL3VwbG9hZHNcLzIwMjFcLzAxXC9KQy00LTEtc2NhbGVkLmpwZyIsInNsaWRlc2hvdyI6ImRkZTA3MGMifQ%3D%3D\" href=\"https:\/\/www.colegiodescubridores.edu.mx\/wp-content\/uploads\/2021\/01\/JC-4-1-scaled.jpg\"><figure class=\"swiper-slide-inner\"><img decoding=\"async\" class=\"swiper-slide-image\" src=\"https:\/\/www.colegiodescubridores.edu.mx\/wp-content\/uploads\/2021\/01\/JC-4-1-400x270.jpg\" alt=\"JC 4\" \/><\/figure><\/a><\/div><div class=\"swiper-slide\" role=\"group\" aria-roledescription=\"slide\" aria-label=\"5 de 5\"><a data-elementor-open-lightbox=\"yes\" data-elementor-lightbox-slideshow=\"dde070c\" data-elementor-lightbox-title=\"JC 5\" data-e-action-hash=\"#elementor-action%3Aaction%3Dlightbox%26settings%3DeyJpZCI6MzMzMCwidXJsIjoiaHR0cHM6XC9cL3d3dy5jb2xlZ2lvZGVzY3Vicmlkb3Jlcy5lZHUubXhcL3dwLWNvbnRlbnRcL3VwbG9hZHNcLzIwMjFcLzAxXC9KQy01LTEtc2NhbGVkLmpwZyIsInNsaWRlc2hvdyI6ImRkZTA3MGMifQ%3D%3D\" href=\"https:\/\/www.colegiodescubridores.edu.mx\/wp-content\/uploads\/2021\/01\/JC-5-1-scaled.jpg\"><figure class=\"swiper-slide-inner\"><img decoding=\"async\" class=\"swiper-slide-image\" src=\"https:\/\/www.colegiodescubridores.edu.mx\/wp-content\/uploads\/2021\/01\/JC-5-1-400x270.jpg\" alt=\"JC 5\" \/><\/figure><\/a><\/div>\t\t\t<\/div>\n\t\t\t\t\t\t\t\t\t\t\t\t<div class=\"elementor-swiper-button elementor-swiper-button-prev\" role=\"button\" tabindex=\"0\">\n\t\t\t\t\t\t<i aria-hidden=\"true\" class=\"eicon-chevron-left\"><\/i>\t\t\t\t\t<\/div>\n\t\t\t\t\t<div class=\"elementor-swiper-button elementor-swiper-button-next\" role=\"button\" tabindex=\"0\">\n\t\t\t\t\t\t<i aria-hidden=\"true\" class=\"eicon-chevron-right\"><\/i>\t\t\t\t\t<\/div>\n\t\t\t\t\n\t\t\t\t\t\t\t\t\t<div class=\"swiper-pagination\"><\/div>\n\t\t\t\t\t\t\t\t\t<\/div>\n\t\t\t\t\t\t<\/div>\n\t\t\t\t<\/div>\n\t\t\t\t\t<\/div>\n\t\t<\/div>\n\t\t\t\t<div class=\"elementor-column elementor-col-50 elementor-top-column elementor-element elementor-element-97cc922\" data-id=\"97cc922\" data-element_type=\"column\" data-settings=\"{&quot;background_background&quot;:&quot;gradient&quot;}\">\n\t\t\t<div class=\"elementor-widget-wrap elementor-element-populated\">\n\t\t\t\t\t\t<div class=\"elementor-element elementor-element-8a3f570 elementor-widget elementor-widget-heading\" data-id=\"8a3f570\" data-element_type=\"widget\" data-widget_type=\"heading.default\">\n\t\t\t\t<div class=\"elementor-widget-container\">\n\t\t\t\t\t<h3 class=\"elementor-heading-title elementor-size-default\">Filosof\u00eda para Ni\u00f1os y Adolescentes<\/h3>\t\t\t\t<\/div>\n\t\t\t\t<\/div>\n\t\t\t\t<div class=\"elementor-element elementor-element-c1ab77d elementor-widget elementor-widget-text-editor\" data-id=\"c1ab77d\" data-element_type=\"widget\" data-widget_type=\"text-editor.default\">\n\t\t\t\t<div class=\"elementor-widget-container\">\n\t\t\t\t\t\t\t\t\t<p>Mediante comunidades de di\u00e1logo el alumno&nbsp; aprende a discernir, a reflexionar y a tener un pensamiento cuidado, a valorar la relevancia de sus actos y a clarificar el tipo de persona que quiere ser y el mundo en el que desea vivir.<br><br><\/p>\t\t\t\t\t\t\t\t<\/div>\n\t\t\t\t<\/div>\n\t\t\t\t<div class=\"elementor-element elementor-element-0601a8c elementor-arrows-position-outside elementor-pagination-position-outside elementor-widget elementor-widget-image-carousel\" data-id=\"0601a8c\" data-element_type=\"widget\" data-settings=\"{&quot;slides_to_show&quot;:&quot;1&quot;,&quot;autoplay&quot;:&quot;no&quot;,&quot;navigation&quot;:&quot;both&quot;,&quot;infinite&quot;:&quot;yes&quot;,&quot;effect&quot;:&quot;slide&quot;,&quot;speed&quot;:500}\" data-widget_type=\"image-carousel.default\">\n\t\t\t\t<div class=\"elementor-widget-container\">\n\t\t\t\t\t\t\t<div class=\"elementor-image-carousel-wrapper swiper\" role=\"region\" aria-roledescription=\"carousel\" aria-label=\"Carrusel de Im\u00e1genes\" dir=\"ltr\">\n\t\t\t<div class=\"elementor-image-carousel swiper-wrapper\" aria-live=\"polite\">\n\t\t\t\t\t\t\t\t<div class=\"swiper-slide\" role=\"group\" aria-roledescription=\"slide\" aria-label=\"1 de 6\"><a data-elementor-open-lightbox=\"yes\" data-elementor-lightbox-slideshow=\"0601a8c\" data-elementor-lightbox-title=\"DSC00658\" data-e-action-hash=\"#elementor-action%3Aaction%3Dlightbox%26settings%3DeyJpZCI6MzMzNCwidXJsIjoiaHR0cHM6XC9cL3d3dy5jb2xlZ2lvZGVzY3Vicmlkb3Jlcy5lZHUubXhcL3dwLWNvbnRlbnRcL3VwbG9hZHNcLzIwMjFcLzAxXC9EU0MwMDY1OC1zY2FsZWQuanBnIiwic2xpZGVzaG93IjoiMDYwMWE4YyJ9\" href=\"https:\/\/www.colegiodescubridores.edu.mx\/wp-content\/uploads\/2021\/01\/DSC00658-scaled.jpg\"><figure class=\"swiper-slide-inner\"><img decoding=\"async\" class=\"swiper-slide-image\" src=\"https:\/\/www.colegiodescubridores.edu.mx\/wp-content\/uploads\/2021\/01\/DSC00658-400x270.jpg\" alt=\"DSC00658\" \/><\/figure><\/a><\/div><div class=\"swiper-slide\" role=\"group\" aria-roledescription=\"slide\" aria-label=\"2 de 6\"><a data-elementor-open-lightbox=\"yes\" data-elementor-lightbox-slideshow=\"0601a8c\" data-elementor-lightbox-title=\"DSC00679\" data-e-action-hash=\"#elementor-action%3Aaction%3Dlightbox%26settings%3DeyJpZCI6MzMzNSwidXJsIjoiaHR0cHM6XC9cL3d3dy5jb2xlZ2lvZGVzY3Vicmlkb3Jlcy5lZHUubXhcL3dwLWNvbnRlbnRcL3VwbG9hZHNcLzIwMjFcLzAxXC9EU0MwMDY3OS1zY2FsZWQuanBnIiwic2xpZGVzaG93IjoiMDYwMWE4YyJ9\" href=\"https:\/\/www.colegiodescubridores.edu.mx\/wp-content\/uploads\/2021\/01\/DSC00679-scaled.jpg\"><figure class=\"swiper-slide-inner\"><img decoding=\"async\" class=\"swiper-slide-image\" src=\"https:\/\/www.colegiodescubridores.edu.mx\/wp-content\/uploads\/2021\/01\/DSC00679-400x270.jpg\" alt=\"DSC00679\" \/><\/figure><\/a><\/div><div class=\"swiper-slide\" role=\"group\" aria-roledescription=\"slide\" aria-label=\"3 de 6\"><a data-elementor-open-lightbox=\"yes\" data-elementor-lightbox-slideshow=\"0601a8c\" data-elementor-lightbox-title=\"filo 1\" data-e-action-hash=\"#elementor-action%3Aaction%3Dlightbox%26settings%3DeyJpZCI6MzMzNiwidXJsIjoiaHR0cHM6XC9cL3d3dy5jb2xlZ2lvZGVzY3Vicmlkb3Jlcy5lZHUubXhcL3dwLWNvbnRlbnRcL3VwbG9hZHNcLzIwMjFcLzAxXC9maWxvLTEtc2NhbGVkLmpwZyIsInNsaWRlc2hvdyI6IjA2MDFhOGMifQ%3D%3D\" href=\"https:\/\/www.colegiodescubridores.edu.mx\/wp-content\/uploads\/2021\/01\/filo-1-scaled.jpg\"><figure class=\"swiper-slide-inner\"><img decoding=\"async\" class=\"swiper-slide-image\" src=\"https:\/\/www.colegiodescubridores.edu.mx\/wp-content\/uploads\/2021\/01\/filo-1-400x270.jpg\" alt=\"filo 1\" \/><\/figure><\/a><\/div><div class=\"swiper-slide\" role=\"group\" aria-roledescription=\"slide\" aria-label=\"4 de 6\"><a data-elementor-open-lightbox=\"yes\" data-elementor-lightbox-slideshow=\"0601a8c\" data-elementor-lightbox-title=\"filo 2\" data-e-action-hash=\"#elementor-action%3Aaction%3Dlightbox%26settings%3DeyJpZCI6MzMzNywidXJsIjoiaHR0cHM6XC9cL3d3dy5jb2xlZ2lvZGVzY3Vicmlkb3Jlcy5lZHUubXhcL3dwLWNvbnRlbnRcL3VwbG9hZHNcLzIwMjFcLzAxXC9maWxvLTItc2NhbGVkLmpwZyIsInNsaWRlc2hvdyI6IjA2MDFhOGMifQ%3D%3D\" href=\"https:\/\/www.colegiodescubridores.edu.mx\/wp-content\/uploads\/2021\/01\/filo-2-scaled.jpg\"><figure class=\"swiper-slide-inner\"><img decoding=\"async\" class=\"swiper-slide-image\" src=\"https:\/\/www.colegiodescubridores.edu.mx\/wp-content\/uploads\/2021\/01\/filo-2-400x270.jpg\" alt=\"filo 2\" \/><\/figure><\/a><\/div><div class=\"swiper-slide\" role=\"group\" aria-roledescription=\"slide\" aria-label=\"5 de 6\"><a data-elementor-open-lightbox=\"yes\" data-elementor-lightbox-slideshow=\"0601a8c\" data-elementor-lightbox-title=\"filo 3\" data-e-action-hash=\"#elementor-action%3Aaction%3Dlightbox%26settings%3DeyJpZCI6MzMzOCwidXJsIjoiaHR0cHM6XC9cL3d3dy5jb2xlZ2lvZGVzY3Vicmlkb3Jlcy5lZHUubXhcL3dwLWNvbnRlbnRcL3VwbG9hZHNcLzIwMjFcLzAxXC9maWxvLTMtc2NhbGVkLmpwZyIsInNsaWRlc2hvdyI6IjA2MDFhOGMifQ%3D%3D\" href=\"https:\/\/www.colegiodescubridores.edu.mx\/wp-content\/uploads\/2021\/01\/filo-3-scaled.jpg\"><figure class=\"swiper-slide-inner\"><img decoding=\"async\" class=\"swiper-slide-image\" src=\"https:\/\/www.colegiodescubridores.edu.mx\/wp-content\/uploads\/2021\/01\/filo-3-400x270.jpg\" alt=\"filo 3\" \/><\/figure><\/a><\/div><div class=\"swiper-slide\" role=\"group\" aria-roledescription=\"slide\" aria-label=\"6 de 6\"><a data-elementor-open-lightbox=\"yes\" data-elementor-lightbox-slideshow=\"0601a8c\" data-elementor-lightbox-title=\"IMG_3677\" data-e-action-hash=\"#elementor-action%3Aaction%3Dlightbox%26settings%3DeyJpZCI6MzMzOSwidXJsIjoiaHR0cHM6XC9cL3d3dy5jb2xlZ2lvZGVzY3Vicmlkb3Jlcy5lZHUubXhcL3dwLWNvbnRlbnRcL3VwbG9hZHNcLzIwMjFcLzAxXC9JTUdfMzY3Ny1zY2FsZWQuanBnIiwic2xpZGVzaG93IjoiMDYwMWE4YyJ9\" href=\"https:\/\/www.colegiodescubridores.edu.mx\/wp-content\/uploads\/2021\/01\/IMG_3677-scaled.jpg\"><figure class=\"swiper-slide-inner\"><img decoding=\"async\" class=\"swiper-slide-image\" src=\"https:\/\/www.colegiodescubridores.edu.mx\/wp-content\/uploads\/2021\/01\/IMG_3677-400x270.jpg\" alt=\"IMG_3677\" \/><\/figure><\/a><\/div>\t\t\t<\/div>\n\t\t\t\t\t\t\t\t\t\t\t\t<div class=\"elementor-swiper-button elementor-swiper-button-prev\" role=\"button\" tabindex=\"0\">\n\t\t\t\t\t\t<i aria-hidden=\"true\" class=\"eicon-chevron-left\"><\/i>\t\t\t\t\t<\/div>\n\t\t\t\t\t<div class=\"elementor-swiper-button elementor-swiper-button-next\" role=\"button\" tabindex=\"0\">\n\t\t\t\t\t\t<i aria-hidden=\"true\" class=\"eicon-chevron-right\"><\/i>\t\t\t\t\t<\/div>\n\t\t\t\t\n\t\t\t\t\t\t\t\t\t<div class=\"swiper-pagination\"><\/div>\n\t\t\t\t\t\t\t\t\t<\/div>\n\t\t\t\t\t\t<\/div>\n\t\t\t\t<\/div>\n\t\t\t\t\t<\/div>\n\t\t<\/div>\n\t\t\t\t\t<\/div>\n\t\t<\/section>\n\t\t\t\t<section class=\"elementor-section elementor-top-section elementor-element elementor-element-33bbff1 elementor-section-boxed elementor-section-height-default elementor-section-height-default\" data-id=\"33bbff1\" data-element_type=\"section\">\n\t\t\t\t\t\t<div class=\"elementor-container elementor-column-gap-default\">\n\t\t\t\t\t<div class=\"elementor-column elementor-col-100 elementor-top-column elementor-element elementor-element-73c62e5\" data-id=\"73c62e5\" data-element_type=\"column\">\n\t\t\t<div class=\"elementor-widget-wrap\">\n\t\t\t\t\t\t\t<\/div>\n\t\t<\/div>\n\t\t\t\t\t<\/div>\n\t\t<\/section>\n\t\t\t\t<\/div>\n\t\t","protected":false},"excerpt":{"rendered":"<p>Curr\u00edculum Paralelo Preescolar\u00a0 \u00a0\u2022\u00a0\u00a0\u00a0Primaria\u00a0 \u00a0\u2022\u00a0 \u00a0Secundaria\u00a0 \u00a0\u2022\u00a0 \u00a0Curriculum Paralelo<\/p>\n","protected":false},"author":1,"featured_media":0,"parent":0,"menu_order":0,"comment_status":"closed","ping_status":"closed","template":"templates\/page-builder.php","meta":{"_themeisle_gutenberg_block_has_review":false,"footnotes":""},"class_list":["post-2362","page","type-page","status-publish","hentry"],"_links":{"self":[{"href":"https:\/\/www.colegiodescubridores.edu.mx\/index.php\/wp-json\/wp\/v2\/pages\/2362"}],"collection":[{"href":"https:\/\/www.colegiodescubridores.edu.mx\/index.php\/wp-json\/wp\/v2\/pages"}],"about":[{"href":"https:\/\/www.colegiodescubridores.edu.mx\/index.php\/wp-json\/wp\/v2\/types\/page"}],"author":[{"embeddable":true,"href":"https:\/\/www.colegiodescubridores.edu.mx\/index.php\/wp-json\/wp\/v2\/users\/1"}],"replies":[{"embeddable":true,"href":"https:\/\/www.colegiodescubridores.edu.mx\/index.php\/wp-json\/wp\/v2\/comments?post=2362"}],"version-history":[{"count":77,"href":"https:\/\/www.colegiodescubridores.edu.mx\/index.php\/wp-json\/wp\/v2\/pages\/2362\/revisions"}],"predecessor-version":[{"id":3355,"href":"https:\/\/www.colegiodescubridores.edu.mx\/index.php\/wp-json\/wp\/v2\/pages\/2362\/revisions\/3355"}],"wp:attachment":[{"href":"https:\/\/www.colegiodescubridores.edu.mx\/index.php\/wp-json\/wp\/v2\/media?parent=2362"}],"curies":[{"name":"wp","href":"https:\/\/api.w.org\/{rel}","templated":true}]}}